 d(a) = 26*a**3 + 206*a**2 - a + 22. Give d(-8).
-98
Let n(j) = -3*j**3 + 28*j**2 - 36*j - 5. What is n(7)?
86
Let h(v) = v**3 + 38*v**2 - 111*v - 2817. What is h(-39)?
-9
Let r(j) = 13*j - 57. Give r(0).
-57
Let l(j) = -349*j - 694. Give l(-2).
4
Let n(q) = -5*q**2 - 28*q + 54. Calculate n(-7).
5
Let l(r) = -13*r - 376. Give l(-18).
-142
Let x(h) = 80*h - 12074. Determine x(151).
6
Let q(a) = a**3 - 284*a**2 + 293*a - 2833. Determine q(283).
-3
Let m(z) = -z**3 - 28*z**2 + 7*z + 166. What is m(-28)?
-30
Let y(l) = 2*l**3 + 9*l**2 - 24*l - 114. What is y(-7)?
-191
Let s(b) = -2*b**3 + 24*b**2 - 24*b + 26. Calculate s(11).
4
Let r(s) = -15*s + 5. Determine r(-1).
20
Let z(n) = -n**3 - 30*n**2 + 54*n + 109. Calculate z(-32).
429
Let u(w) = 82*w + 6309. What is u(-77)?
-5
Let t(r) = -r**2 - 4*r - 31. Give t(9).
-148
Let n(c) = -c**3 - 7*c**2 + 20*c + 143. Determine n(-5).
-7
Let o(v) = 996*v + 1275. What is o(-1)?
279
Let g(t) = 97*t - 1013. What is g(14)?
345
Let k(y) = y**3 + 19*y**2 + 21*y + 99. Determine k(-18).
45
Let z(n) = -2*n**3 - 10*n**2 + 12*n - 36. Determine z(-7).
76
Let f(p) = 21*p**2 - 80*p - 30. Calculate f(5).
95
Let u(q) = -118*q - 12642. Calculate u(-107).
-16
Let u(v) = 4*v**2 - 44*v + 144. Calculate u(4).
32
Let y(d) = 313*d - 1879. Give y(6).
-1
Let a(m) = -273*m - 12279. What is a(-45)?
6
Let u(n) = -2*n**3 + 51*n**2 - 46*n - 249. Determine u(24).
375
Let o(m) = -m**2 - 46*m - 308. What is o(-9)?
25
Let z(g) = -27*g + 24. Give z(6).
-138
Let t(r) = 35*r - 2377. Calculate t(68).
3
Let p(n) = -224*n + 3227. Give p(14).
91
Let r(v) = -v**3 - v**2 - 80*v + 350. Calculate r(4).
-50
Let g(c) = -c**3 - 27*c**2 - 121*c + 79. What is g(-21)?
-26
Let a(o) = -8*o**3 - 4*o**2 - 200*o + 205. Give a(1).
-7
Let h(y) = y**2 + 22*y + 81. What is h(-9)?
-36
Let p(w) = -1407*w + 18295. What is p(13)?
4
Let k(q) = 2*q**2 + 8*q - 1. Determine k(3).
41
Let u(o) = -118*o - 111. Give u(-1).
7
Let k(m) = 363*m + 1826. Determine k(-5).
11
Let d(y) = 6*y**2 - 39*y + 61. What is d(3)?
-2
Let x(f) = -246*f**2 + 2216*f + 21. Give x(9).
39
Let q(y) = y**3 + 3*y**2 - 98*y - 12. What is q(-11)?
98
Let l(p) = 19*p**2 - 906*p - 288. Determine l(48).
0
Let m(u) = 30*u + 83. Determine m(-4).
-37
Let g(i) = -i**2 + 877*i + 7088. Give g(-8).
8
Let c(f) = -f**2 + 76*f - 1104. Calculate c(20).
16
Let z(m) = m**3 - 10*m**2 - 19*m + 3. Determine z(-4).
-145
Let v(y) = y**3 - 29*y**2 + 59*y - 58. Determine v(27).
77
Let b(f) = -53*f + 313. What is b(3)?
154
Let j(v) = -v**3 + 45*v**2 + 97*v - 95. Determine j(47).
46
Let s(q) = -11*q**2 + 329*q + 52. Give s(30).
22
Let z(f) = f**3 + 17*f**2 - 63*f - 37. Determine z(-20).
23
Let q(i) = -8*i**2 + 89*i + 735. Calculate q(17).
-64
Let a(z) = -4*z - 195. What is a(-32)?
-67
Let l(t) = -t**3 + 9*t**2 + t - 24. What is l(3)?
33
Let h(q) = 28*q**3 + 114*q**2 - 5*q - 30. Determine h(-4).
22
Let m(h) = 183*h + 305. What is m(-4)?
-427
Let x(u) = u**3 + 59*u**2 - 1460*u - 2402. Give x(20).
-2
Let r(c) = 36*c**2 + 43*c. Give r(-3).
195
Let p(l) = l**3 - 3*l**2 - 6*l - 78. Calculate p(6).
-6
Let q(j) = -2*j**3 - 18*j**2 - 11*j + 10. Calculate q(-9).
109
Let h(l) = l**2 + 110*l + 2915. What is h(-67)?
34
Let i(y) = -2*y**2 + 106*y - 762. Give i(45).
-42
Let f(c) = c**2 + 23*c + 43. What is f(-26)?
121
Let m(q) = -442*q + 2638. What is m(6)?
-14
Let c(a) = -96*a**2 - 8252*a + 347. Calculate c(-86).
3
Let i(u) = -u**3 - 6*u**2 + 28*u + 12. What is i(-8)?
-84
Let h(z) = -z**3 + 4*z**2 + 321*z - 21. Give h(20).
-1
Let w(i) = -i**2 - 445*i + 11741. Calculate w(25).
-9
Let m(k) = -744*k + 44645. Give m(60).
5
Let a(n) = 8*n**2 + 179*n + 70. Determine a(-22).
4
Let k(s) = 50*s - 34. Give k(2).
66
Let m(t) = t**2 + 26*t + 17. Determine m(-24).
-31
Let q(h) = 531*h + 1063. Calculate q(-2).
1
Let q(j) = 17*j**2 - 78*j - 7. Calculate q(9).
668
Let s(o) = 2*o**3 - 14*o**2 - 3*o + 12. Determine s(6).
-78
Let l(d) = 12*d**2 - 162*d + 160. What is l(1)?
10
Let j(k) = 25*k**2 - 122*k - 39. What is j(5)?
-24
Let r(q) = q**3 + 13*q**2 + 54*q + 64. Calculate r(-6).
-8
Let x(j) = 230*j**2 + 907*j - 20. Give x(-4).
32
Let u(s) = s**3 - 9*s**2 - 153*s - 76. What is u(18)?
86
Let b(x) = -x**3 - 24*x**2 + 52*x + 638. What is b(-25)?
-37
Let z(s) = 2*s + 39. Calculate z(-3).
33
Let z(h) = 234*h - 796. What is z(3)?
-94
Let r(i) = 7*i**2 + 355*i + 570. Calculate r(-49).
-18
Let z(h) = h**2 - 64*h + 614. Determine z(12).
-10
Let p(j) = -8*j**2 - 312*j + 5. Give p(-39).
5
Let u(d) = 2*d**3 - 25*d**2 + d + 98. Calculate u(12).
-34
Let d(x) = x**2 + 70*x + 717. What is d(-54)?
-147
Let p(b) = 7*b**3 + 16*b**2 - 20*b - 5. Determine p(-3).
10
Let v(z) = z - 255. What is v(22)?
-233
Let l(j) = 108*j + 1294. Give l(-12).
-2
Let y(j) = -3*j**3 + 2*j - 16. Determine y(-4).
168
Let k(l) = 9*l - 116. Calculate k(14).
10
Let h(l) = 15*l + 1059. Determine h(-58).
189
Let b(c) = -269*c + 1311. What is b(6)?
-303
Let x(o) = o**2 - 433*o + 5063. Calculate x(12).
11
Let r(o) = -1527*o - 247380. What is r(-162)?
-6
Let k(b) = b**3 + 39*b**2 + 73*b - 30. Determine k(-37).
7
Let w(y) = 2*y**3 + 22*y**2 - 26*y + 81. Determine w(-12).
105
Let q(h) = 7*h**2 + 19*h + 37. Determine q(-7).
247
Let r(z) = z**2 + 114*z + 1010. Calculate r(-8).
162
Let c(x) = 3*x**2 + 11*x + 15. Calculate c(-6).
57
Let i(q) = -5*q**2 - 43*q. What is i(-7)?
56
Let s(f) = -4*f**2 + 112*f - 628. What is s(8)?
12
Let r(f) = 7*f**3 + 23*f**2 - 16*f + 13. Calculate r(-4).
-3
Let x(u) = -8*u + 197. Determine x(-5).
237
Let c(l) = 3050*l - 9144. What is c(3)?
6
Let k(x) = x**3 - 78*x**2 + 499*x - 136. Determine k(71).
6
Let m(n) = 10*n - 244. Calculate m(25).
6
Let y(k) = -27*k + 275. Give y(11).
-22
Let j(g) = -g**3 - 49*g**2 + 105*g + 145. Calculate j(-51).
-8
Let v(c) = 33*c - 50. Calculate v(2).
16
Let q(x) = 9*x - 95. Give q(11).
4
Let u(q) = q**2 - 37*q - 71. Calculate u(39).
7
Let n(q) = q**3 - 15*q**2 + 45*q + 58. What is n(6)?
4
Let t(s) = 560*s + 2234. Determine t(-4).
-6
Let r(s) = 34*s + 2562. Determine r(-69).
216
Let g(b) = -4*b**2 + 365*b - 454. Determine g(90).
-4
Let i(z) = 4*z**2 + 1111*z - 9146. What is i(8)?
-2
Let w(a) = 226*a - 23054. Calculate w(102).
-2
Let o(u) = -64*u + 111. Determine o(3).
-81
Let a(c) = -196*c - 1572. What is a(-8)?
-4
Let c(z) = -148*z**3 - z**2 - 5*z - 3. Calculate c(-1).
149
Let v(q) = q**3 - 15*q**2 + 42*q - 4. Determine v(5).
-44
Let a(c) = 1463*c + 1453. Determine a(-1).
-10
Let g(f) = 4*f**2 - 53*f + 14. Determine g(13).
1
Let d(l) = -l**3 - 37*l**2 + 26*l - 193. Give d(-38).
263
Let x(m) = -2*m**3 + 37*m**2 - 7*m - 206. What is x(18)?
-8
Let s(p) = 252*p - 49395. What is s(196)?
-3
Let h(d) = -d**3 - 9*d**2 + 14*d + 164. What is h(-8)?
-12
Let m(x) = -x**3 - 8*x**2 + 13*x - 79. Give m(-10).
-9
Let h(i) = 977*i + 9771. Determine h(-10).
1
Let k(l) = -2230*l + 22295. Give k(10).
-5
Let j(d) = -d**3 + 7*d**2 + 8*d + 81. What is j(9)?
-9
Let x(q) = -4075*q - 40744. Calculate x(-10).
6
Let k(p) = -23932*p + 119649. What is k(5)?
-11
Let l(w) = 6155*w - 24611. Calculate l(4).
9
Let y(o) = -o**3 - 9*o**2 + 14*o + 34. Give y(-10).
-6
Let i(s) = 3*s**2 + 54*s - 12. What is i(-18)?
-12
Let j(s) = 7*s**2 + 1251*s - 2906. Determine j(-181).
-10
Let k(m) = 19*m**2 - 90*m + 91. What is k(3)?
-8
Let o(j) = 863*j + 8634. Give o(-10).
4
Let b(p) = -p**3 - 65*p**2 - 593*p + 47. What is b(-54)?
-7
Let b(j) = 121*j + 2. Determine b(-1).
-119
Let j(t) = -2*t**2 - 112*t - 628. Calculate j(-6).
-28
Let h(m) = m**2 + 8*m - 64. What is h(6)?
20
Let a(v) = 55*v + 274. Give a(-6).
-56
Let u(f) = -358*f + 508. Give u(2).
-208
Let z(a) = 42*a - 1752. Calculate z(57).
642
Let s(q) = 116*q + 693. Determine s(-6).
-3
Let a(v) = -3*v**3 - 5*v**2 + 5*v - 4. Determine a(3).
-115
Let l(y) = 7*y**2 + 10*y - 22. Calculate l(-9).
455
Let d(w) = -210*w + 6511. Give d(31).
1
Let k(s) = -s**2 + 26*s - 166. Calculate k(12).
2
Let l(k) = -4*k**2 - 89*k + 392. What is l(4)?
-28
Let g(k) = -12*k**2 - 785*k - 1825. Determine g(-63).
2
Let m(i) = -3*i**2 - 168*i + 1234. Calculate m(7).
-89
Let w(h) = 6*h**3 + 15*h**2 - 10*h - 49. What is w(-5)?
-374
Let f(d) = -d**2 + 90*d - 858. Give f(80).
-58
Let r(j) = 25*j**2 + 12*j - 2. What is r(1)?
35
Let y(h) = -h**2 - 15*h - 176. Give y(-13).
-150
Let b(w) =